 14. Let d be g(11). Let u be d/20 - (-73)/5. Suppose -q = -0*q - u. What is the tens digit of q?
1
Let r(b) = -3*b - 2 + b**2 - 4 + 2 - b. Let g be r(6). Let z = -3 + g. What is the units digit of z?
5
Suppose -w - 49 = -2*h - 0*w, -2*w + 56 = 3*h. What is the units digit of h?
2
Suppose -52 = 3*o - 2*d, -3*o + d + 23 = -5*o. Let a(v) = v**2 + 7*v + 7. Let r be a(-5). Let s = r - o. What is the tens digit of s?
1
Suppose -5*x + 15 = -170. What is the tens digit of x?
3
Let o(a) = 2*a**2 + 9*a + 3. What is the units digit of o(-6)?
1
Let x = 105 + -43. Suppose -2*b + 12 = -x. What is the units digit of b?
7
Let c = -2 - -9. Let a = 14 - c. What is the units digit of a?
7
Let m(p) = 60*p - 10. What is the tens digit of m(4)?
3
Let q = 12 - -10. What is the units digit of q?
2
Let h(n) = 4*n**3 + 2*n + 12*n**2 - 4*n**3 - n**3 + 8. What is the tens digit of h(12)?
3
Let a = -1 + -3. Let l = a + 3. What is the units digit of -4*((-3)/4 + l)?
7
Suppose 6*p - 2*p = 48. Suppose 0*s + 2*s = p. What is the units digit of s?
6
Let v(f) = 2*f**2 + 10*f + 6. Let n(a) = 2*a**2 + 11*a + 7. Let z(j) = -4*n(j) + 5*v(j). What is the tens digit of z(-4)?
1
Let t(a) = 6*a + 58. What is the tens digit of t(11)?
2
Suppose 3*d + 141 = 5*f, 2*f - 207 = 5*d + 3*f. Let v be (8 + -1)*(-684)/d. What is the units digit of (6/(-18))/((-2)/v)?
9
Let f(y) = y - 7. Let c be f(0). Let o = c - -11. What is the units digit of o?
4
Let q(c) = -3*c - 6. Let z(w) = w**3 - 3*w**2 - 5*w - 3. Let v be z(4). What is the tens digit of q(v)?
1
Let o(m) = -13*m + 2. Let x be (2/(-6))/((-2)/(-6)). What is the units digit of o(x)?
5
Suppose -19 = -0*y - y - 4*b, -34 = -y + b. What is the tens digit of y?
3
Let x = 61 - 30. What is the tens digit of x?
3
Let t = 5 + -2. Suppose -5*l + 11 = -t*m, -3*l - 5*m + 31 = l. Suppose 32 = l*q - 0*q. What is the units digit of q?
8
Suppose -y + 77 = 2*y + 2*n, -97 = -3*y + 2*n. What is the tens digit of y?
2
Let x(n) = n**3 + 11*n**2 + 7*n + 3. What is the tens digit of x(-10)?
3
Suppose -25 = -5*d + 4*i, 6*i = 4*i. What is the units digit of d?
5
Suppose -4*s = 3*b - 155 - 728, -b = -s + 226. What is the hundreds digit of s?
2
Suppose 0*j = 4*j. Suppose -2*t + 17 + 9 = j. Suppose -4*m = -p - 21 - t, 2*p = -m + 4. What is the units digit of m?
8
Let c be (-1)/(32/(-30) - -1). Let a = c - 9. What is the units digit of 40/a - 1/(-3)?
7
Let d(w) = 3*w**2 + w + 2. What is the units digit of d(5)?
2
Let r(g) = -2*g**2 - 6*g + 7. Let m(i) = -2*i**2 - 5*i + 6. Let j(b) = -5*m(b) + 4*r(b). What is the units digit of j(-2)?
4
Let s(g) = -g**2 + 6*g + 8. Suppose 140 = v + 4*v. Suppose -v + 7 = -3*t. What is the units digit of s(t)?
1
Let p = 68 + -44. What is the tens digit of p?
2
Suppose -8 = m - 5*m. Let p(i) = 4*i**2 - 1. What is the units digit of p(m)?
5
Suppose -5*f + 7 = -3. Suppose f*w - 168 = -w. What is the units digit of w?
6
Let a(g) = -2*g - 5. Let k be a(-5). Suppose -2*d + 31 = -d - 5*o, k*o = -5*d + 35. What is the tens digit of d?
1
Suppose 0 = 5*f - 25, -4*i - 4*f = -28. Suppose -o = -i*o + 3. What is the units digit of (-20)/6*o/(-2)?
5
Suppose -d - 4*d - 65 = 0. Let o = d + 19. What is the units digit of o?
6
Suppose -5 = -5*a - 2*m - 0*m, -2*a - 14 = 4*m. Suppose 4*v - 2*v = 0. Suppose w + v = a. What is the units digit of w?
3
Suppose 6*o + 190 = 11*o. What is the units digit of o?
8
Suppose h + 3 = 3*d, 0 = -5*d + 2*h + 3 + 2. Let s(w) = 2*w**2. Let l be s(d). Suppose 4*k + l = 5*k. What is the units digit of k?
2
Let z = 59 + -40. Suppose 0 = -2*x + 7 + z. Let u = x - 8. What is the units digit of u?
5
Let y be (-3)/6 - 199/2. Let q = -48 - y. Suppose -4*d - 8 + q = 0. What is the tens digit of d?
1
What is the units digit of ((-22)/(-4) + -5)*(0 + 4)?
2
Suppose 5*s = -3*j - 50, 4*s = 2*j - 7*j - 79. Suppose -37 = 7*n + 5. Let t = n - j. What is the units digit of t?
9
Suppose a = 5*q - 163, -6 = a - 4*a. What is the units digit of q?
3
Suppose -99 = -5*w + 271. What is the units digit of w?
4
Let w(l) be the second derivative of 1/4*l**4 + 1/2*l**3 - 1/20*l**5 + 0 - l**2 + 4*l. What is the units digit of w(2)?
8
Let q(r) be the second derivative of -r**4/12 + 4*r**3/3 - 9*r**2/2 - 4*r. What is the units digit of q(6)?
3
Let p = 216 - -74. What is the tens digit of p?
9
Let u be 11/(-2 - (-21)/12). Let j = -29 - u. What is the tens digit of j?
1
Suppose -2*m + 5*m - 15 = 0. Suppose m*a - 4*a - 7 = 0. What is the units digit of a?
7
Suppose 0 = -5*m - 3*p + 44, p = 5 - 7. Let s = m + -8. Suppose v - 17 = -s. What is the units digit of v?
5
Let h be 0 + (2 - (-2)/(-1)). Let j be (0/(-2) - h) + -3. What is the tens digit of (-44)/(-6)*j/(-2)?
1
Let b(n) = n + 9. Let m be b(-6). Suppose 2*c - 2*y - 36 = 0, 0 = -3*c - 7*y + m*y + 61. What is the units digit of c?
9
Suppose 6*t - 15 = t. What is the units digit of (t/(-6))/((-2)/4)?
1
Let q = 336 + -223. What is the hundreds digit of q?
1
Let w(t) = -3. Let x(h) = -h**2 - 6*h - 2. Let l be x(-4). Let i(a) = -a - 13. Let k(q) = l*i(q) - 26*w(q). What is the units digit of k(-1)?
6
Let w(i) = 4*i**2 + 2*i. Let j(r) = -3*r**2 - 3*r + 1. Let h(a) = 5*j(a) + 4*w(a). What is the tens digit of h(8)?
1
Suppose -3*y - 3*t + 5 + 1 = 0, 3*t = -3. Suppose -x = -4 + y. What is the units digit of x?
1
Let h = -10 - -5. Let u(z) = 7*z - 6. Let v(o) = -o + 1. Let s(k) = -u(k) - 6*v(k). What is the units digit of s(h)?
5
Let i(j) = -j**2 + 6*j + 10. Let k be i(8). Suppose -40 = 3*a + 2*a. Let g = k - a. What is the units digit of g?
2
Let h(n) = -n**2 + 5*n - 1. Suppose 5 = -v + 6*v. Let i be -2*v - (-13 - -7). What is the units digit of h(i)?
3
Suppose -3*f = -1 + 7. Let m = f - -4. What is the units digit of m?
2
Let g = 176 - 84. Let w = -20 + g. Let c = w - 51. What is the units digit of c?
1
Let j(l) = l**3 + 9*l**2 - 11*l - 4. Let x(q) = 15*q. Let b be x(1). Let k be b*-3*6/27. What is the units digit of j(k)?
6
Let q = 18 + 8. Suppose q = 3*k - 85. What is the units digit of k?
7
Let d = -4 - -8. Let t be (d/(-12))/(2/(-36)). Suppose 4 = l - t. What is the units digit of l?
0
Let l(p) = 5*p**2 - 1 + 3*p + 6*p**2 - p**3 + 10 - 4*p**2. Let y be l(7). What is the tens digit of (-5)/y + (-158)/(-12)?
1
Let s = 3 - -11. What is the tens digit of s?
1
Let q(d) = d**2 + 11*d - 13. Let u be q(-12). What is the units digit of 19 + (u + -2 - 0)?
6
Suppose -15*u + 14*u = -87. What is the tens digit of u?
8
Suppose 3*j - 50 = -2*j. What is the units digit of j?
0
Let w(u) = -u**2 + 11*u - 4. Let a be w(11). Let y = 16 + a. What is the units digit of y?
2
Suppose -400 = 4*b - 8*b. Suppose 0 = -9*z + 4*z + b. What is the units digit of z?
0
What is the hundreds digit of (-110)/2*56/(-20)*1?
1
Let b be (3/(-2))/((-9)/60). Suppose -2*o + b = 3*i, 3*i - 11 - 1 = 0. What is the units digit of o - (-1 + 4)*-1?
2
Let k(n) = 2*n + 3. Let v be k(-2). What is the units digit of -1*(-15)/(-3)*v?
5
Suppose -6*p + 24 = -3*p. What is the units digit of p?
8
Let c = -246 + 356. Let x be -2*(c/4)/(-5). Suppose -4*t + 13 = -x. What is the units digit of t?
6
Suppose 0 = 3*w + 12, -4*p - 3*w + 106 = -510. What is the hundreds digit of p?
1
Let w = 15 + -9. Suppose -2*i = -4*t - 6, 3*t + 5 = w*i - 4*i. What is the units digit of i?
1
Let o(r) = 3*r + 38. Suppose 0 = -0*m - 2*m. What is the tens digit of o(m)?
3
Suppose -11*z = 16*z - 2700. What is the tens digit of z?
0
Let d(o) = -20*o. Suppose -4*f = -f + 3. What is the tens digit of d(f)?
2
Let j be (-158)/(-8) - (-5)/20. Let o = -14 + j. What is the units digit of o?
6
Let j(a) be the third derivative of 0*a - 1/3*a**4 + 0 - 1/120*a**6 + 7/6*a**3 - 3/20*a**5 + 2*a**2. What is the units digit of j(-8)?
7
Let r = -30 + 70. What is the units digit of 12/2*r/12?
0
Let h = -3 - -8. What is the units digit of ((-2)/h)/(7/(-245))?
4
Let t = 10 + 18. What is the tens digit of t?
2
Suppose 3*g = v - 6 - 4, 4*v = 4*g + 24. Let q = 1 + v. What is the units digit of q?
5
Suppose -3*r = -8*r + 95. What is the tens digit of r?
1
What is the units digit of 18/(1/(2/4))?
9
Let p be 6*(-2 - 21/(-9)). Suppose 2*m + 4*f = p, 9 = -2*f - f. What is the units digit of m?
7
Suppose -3*q + 31 = -14. Suppose -q = -h + 5*z, 2*h + 4*z - 4 = -2. Suppose 13 = 3*l + b, 20 = h*l - l + 4*b. What is the uni